?
0
What is the thousands digit of 1576761766?
1
What is the ten thousands digit of 172825434?
2
What is the hundred millions digit of 242284265?
2
What is the ten thousands digit of 100382608?
8
What is the units digit of 56020961?
1
What is the billions digit of 1268605557?
1
What is the thousands digit of 468525874?
5
What is the hundred thousands digit of 2831121278?
1
What is the thousands digit of 90040294?
0
What is the thousands digit of 10731601?
1
What is the tens digit of 3446176439?
3
What is the hundreds digit of 488865241?
2
What is the millions digit of 19553653?
9
What is the millions digit of 11096434?
1
What is the ten millions digit of 3493886489?
9
What is the ten thousands digit of 506281563?
8
What is the hundreds digit of 397904208?
2
What is the hundred thousands digit of 788320376?
3
What is the hundreds digit of 174703957?
9
What is the units digit of 41467997?
7
What is the ten millions digit of 202978134?
0
What is the ten thousands digit of 218061091?
6
What is the ten millions digit of 55047124?
5
What is the units digit of 4202188112?
2
What is the tens digit of 232254820?
2
What is the hundred thousands digit of 173485216?
4
What is the millions digit of 86511011?
6
What is the units digit of 128982636?
6
What is the tens digit of 1638608927?
2
What is the ten millions digit of 3930625999?
3
What is the hundred millions digit of 815862462?
8
What is the millions digit of 243235710?
3
What is the billions digit of 2100190534?
2
What is the thousands digit of 75521388?
1
What is the ten thousands digit of 1936816862?
1
What is the ten thousands digit of 52882960?
8
What is the tens digit of 36550511?
1
What is the ten millions digit of 624219613?
2
What is the units digit of 189275759?
9
What is the millions digit of 2003431395?
3
What is the ten millions digit of 224211123?
2
What is the millions digit of 107111626?
7
What is the ten millions digit of 1291379918?
9
What is the ten millions digit of 454955822?
5
What is the hundreds digit of 44533960?
9
What is the thousands digit of 856505405?
5
What is the units digit of 57438275?
5
What is the thousands digit of 433645372?
5
What is the millions digit of 1535356023?
5
What is the tens digit of 119988092?
9
What is the thousands digit of 60975386?
5
What is the millions digit of 7673614?
7
What is the ten thousands digit of 37217122?
1
What is the ten millions digit of 892794382?
9
What is the ten millions digit of 64292621?
6
What is the tens digit of 5029854306?
0
What is the ten millions digit of 129999391?
2
What is the tens digit of 325132708?
0
What is the ten millions digit of 5371080607?
7
What is the hundred thousands digit of 48941933?
9
What is the ten thousands digit of 183824235?
2
What is the thousands digit of 163184107?
4
What is the hundred thousands digit of 115958744?
9
What is the thousands digit of 3688552958?
2
What is the units digit of 38447604?
4
What is the millions digit of 31367004?
1
What is the hundred thousands digit of 28311721?
3
What is the ten millions digit of 126420652?
2
What is the ten millions digit of 540963816?
4
What is the hundred thousands digit of 340759125?
7
What is the hundred thousands digit of 420844627?
8
What is the tens digit of 132049135?
3
What is the ten millions digit of 720281756?
2
What is the thousands digit of 3555832636?
2
What is the units digit of 105441126?
6
What is the units digit of 6199746295?
5
What is the billions digit of 2757918737?
2
What is the tens digit of 46746310?
1
What is the ten millions digit of 825295641?
2
What is the thousands digit of 432544042?
4
What is the billions digit of 1086841108?
1
What is the ten thousands digit of 130152322?
5
What is the millions digit of 718881310?
8
What is the units digit of 20348131?
1
What is the ten millions digit of 241478935?
4
What is the tens digit of 318794000?
0
What is the hundred millions digit of 4148913885?
1
What is the hundred thousands digit of 2976834852?
8
What is the units digit of 352858170?
0
What is the hundred thousands digit of 206331144?
3
What is the millions digit of 5663846300?
3
What is the thousands digit of 15840808?
0
What is the ten millions digit of 3259447361?
5
What is the millions digit of 2945206575?
5
What is the billions digit of 2108331782?
2
What is the ten millions digit of 53862932?
5
What is the hundred millions digit of 258707977?
2
What is the thousands digit of 98558374?
8
What is the hundred millions digit of 103509376?
1
What is the hundreds digit of 307413768?
7
What is the hundred thousands digit of 83397711?
3
What is the units digit of 49106545?
5
What is the ten thousands digit of 50001369?
0
What is the tens digit of 91304289?
8
What is the units digit of 800747309?
9
What is the ten thousands digit of 44865931?
6
What is the tens digit of 392353978?
7
What is the hundred millions digit of 640805688?
6
What is the units digit of 427764410?
0
What is the hundreds digit of 23849647?
6
What is the millions digit of 45382983?
5
What is the hundreds digit of 31534961?
9
What is the thousands digit of 4125942558?
2
What is the hundred millions digit of 7575543281?
5
What is the ten thousands digit of 3075753950?
5
What is the hundred millions digit of 1485603020?
4
What is the units digit of 2571841325?
5
What is the hundreds digit of 222852587?
5
What is the thousands digit of 11512423?
2
What is the millions digit of 609343836?
9
What is the hundreds digit of 58521080?
0
What is the hundreds digit of 472340881?
8
What is the hundred thousands digit of 102185078?
1
What is the ten thousands digit of 18437737?
3
What is the hundred thousands digit of 28051651?
0
What is the hundred thousands digit of 3602804598?
8
What is the millions digit of 51881300?
1
What is the tens digit of 35992238?
3
What is the ten thousands digit of 63752576?
5
What is the thousands digit of 37275147?
5
What is the ten thousands digit of 4332027470?
2
What is the hundreds digit of 1409561344?
3
What is the units digit of 484398850?
0
What is the units digit of 187920158?
8
What is the millions digit of 71332897?
1
What is the millions digit of 2293707321?
3
What is the hundred thousands digit of 254535560?
5
What is the hundred millions digit of 1267335852?
2
What is the hundred thousands digit of 63161212?
1
What is the millions digit of 922480884?
2
What is the thousands digit of 901306353?
6
What is the units digit of 4826199676?
6
What is the millions digit of 371929839?
1
What is the hundred thousands digit of 30190641?
1
What is the ten millions digit of 357194062?
5
What is the ten millions digit of 194583590?
9
What is the units digit of 1142767419?
9
What is the millions digit of 1143738573?
3
What is the hundred millions digit of 108354300?
1
What is the tens digit of 2235549434?
3
What is the ten millions digit of 2362535335?
6
What is the hundred millions digit of 3544397801?
5
What is the millions digit of 40651273?
0
What is the ten thousands digit of 50176409?
7
What is the hundreds digit of 15941073?
0
What is the hundred thousands digit of 19756027?
7
What is the millions digit of 2395613?
2
What is the units digit of 1888589947?
7
What is the units digit of 550178900?
0
What is the hundred millions digit of 4356481621?
3
What is the thousands digit of 122283864?
3
What is the hundreds digit of 1778719109?
1
What is the units digit of 685946297?
7
What is the hundred millions digit of 854937533?
8
What is the millions digit of 339662563?
9
What is the ten millions digit of 8245093903?
4
What is the millions digit of 93406542?
3
What is the hundred thousands digit of 333160673?
1
What is the hundreds digit of 52591570?
5
What is the thousands digit of 45503872?
3
What is the units digit of 823615026?
6
What is the hundreds digit of 1481755841?
8
What is the tens digit of 8003030?
3
What is the units digit of 2308200098?
8
What is the ten thousands digit of 256691378?
9
What is the millions digit of 1831746051?
1
What is the thousands digit of 3864419?
4
What is the tens digit of 440143679?
7
What is the thousands digit of 262851186?
1
What is the ten millions digit of 97756119?
9
What is the hundred thousands digit of 66838191?
8
What is the tens digit of 38481149?
4
What is the ten millions digit